NOAA-Style Climate Reports


Report for 2018 January
                   MONTHLY CLIMATOLOGICAL SUMMARY for JAN 2018


NAME: CW6259                CITY: Maple Leaf, Seattle   STATE:  Washington         
ELEV: 461 ft    LAT: 47.7 N    LONG: 122.3 W


                   TEMPERATURE (F), RAIN (in), WIND SPEED (mph)

                                         HEAT   COOL         AVG
      MEAN                               DEG    DEG          WIND                  DOM
DAY   TEMP   HIGH  TIME    LOW   TIME    DAYS   DAYS   RAIN  SPEED   HIGH  TIME    DIR
---------------------------------------------------------------------------------------
01    35.0   42.2  13:45   31.1  08:45   28.3    0.0   0.00   0.2     7.0  12:40   NNW
02    37.8   44.5  13:40   33.4  04:20   26.0    0.0   0.00   0.2     8.0  03:35   NNW
03    38.9   48.2  13:35   33.6  06:45   24.1    0.0   0.00   0.3     8.0  12:20   NNW
04    41.8   47.0  13:25   36.4  00:25   23.3    0.0   0.09   0.0     4.0  09:45   N
05    46.1   49.8  14:00   43.2  00:00   18.5    0.0   0.44   0.2    10.0  10:35   NNE
06    43.4   46.3  02:45   41.7  23:30   21.0    0.0   0.55   0.3     8.0  02:50   SSW
07    42.1   43.3  22:30   40.3  08:20   23.2    0.0   0.44   0.1     7.0  07:25   ESE
08    44.9   47.3  14:45   43.3  00:00   19.7    0.0   0.09   0.0     5.0  01:10   NE
09    42.9   45.1  06:55   38.2  21:30   23.4    0.0   0.52   0.2     8.0  07:40   NE
10    41.3   44.1  14:25   38.7  01:45   23.6    0.0   0.09   0.4    11.0  09:05   SW
11    44.8   48.7  17:30   39.9  00:00   20.7    0.0   0.82   0.8    13.0  23:05   ESE
12    48.3   49.5  09:10   47.2  23:50   16.6    0.0   0.12   1.6    20.0  14:05   SSW
13    48.1   53.1  14:50   43.7  23:40   16.6    0.0   0.01   0.4    12.0  01:30   NE
14    47.0   59.4  13:30   40.7  08:00   14.9    0.0   0.01   0.3     7.0  00:25   NW
15    51.3   61.7  14:30   43.4  08:05   12.4    0.0   0.10   0.3    11.0  14:15   NNE
16    48.3   54.0  13:50   44.5  21:30   15.8    0.0   0.19   0.7    15.0  12:05   S
17    47.9   52.8  13:40   42.9  01:35   17.1    0.0   0.65   0.7    20.0  23:55   ESE
18    42.4   48.0  12:20   37.8  23:45   22.1    0.0   1.17   1.4    28.0  02:20   SSW
19    41.9   45.0  12:30   37.4  03:20   23.8    0.0   0.01   1.0    20.0  21:50   S
20    42.8   47.4  23:50   39.0  05:20   21.8    0.0   0.03   1.3    16.0  23:25   SE
21    45.0   49.3  05:55   40.1  17:00   20.3    0.0   0.28   2.2    27.0  11:50   SE
22    42.0   46.7  13:25   39.4  07:30   21.9    0.0   0.14   1.1    20.0  12:40   SSW
23    41.2   43.9  23:55   38.7  04:15   23.7    0.0   0.81   0.1     9.0  23:50   NE
24    44.1   46.1  03:30   38.3  23:35   22.8    0.0   0.36   0.8    20.0  20:45   SE
25    39.0   41.6  16:00   36.8  06:30   25.8    0.0   0.10   0.6    13.0  21:55   SE
26    39.6   41.7  15:15   37.9  02:50   25.2    0.0   0.17   1.1    16.0  06:20   SSW
27    43.5   47.3  12:30   38.8  00:00   22.0    0.0   0.55   1.8    30.0  12:10   SSW
28    47.4   52.9  16:05   41.9  04:35   17.6    0.0   0.08   0.2    10.0  16:05   E
29    46.7   49.8  02:50   41.6  23:10   19.3    0.0   0.90   1.0    19.0  19:50   S
30    42.7   47.2  14:55   39.0  23:20   21.9    0.0   0.12   1.6    16.0  11:50   SW
31    41.8   44.2  15:05   39.0  01:00   23.4    0.0   0.00   0.8    14.0  11:10   SSW
---------------------------------------------------------------------------------------
      43.5   61.7    15    31.1     1   657.0    0.0   8.84   0.7    30.0    27    SSE

Max >=  90.0:  0
Max <=  32.0:  0
Min <=  32.0:  1
Min <=   0.0:  0
Max Rain    :  1.17 in ON 01/18/2018
Days of Rain: 24 (> 0.01 in) 19 (> 0.10 in) 1 (> 1.00 in)