NOAA-Style Climate Reports


Report for 2016 June
                   MONTHLY CLIMATOLOGICAL SUMMARY for JUN 2016


NAME: CW6259                CITY: Maple Leaf, Seattle   STATE:  Washington         
ELEV: 461 ft    LAT: 47.7 N    LONG: 122.3 W


                   TEMPERATURE (F), RAIN (in), WIND SPEED (mph)

                                         HEAT   COOL         AVG
      MEAN                               DEG    DEG          WIND                  DOM
DAY   TEMP   HIGH  TIME    LOW   TIME    DAYS   DAYS   RAIN  SPEED   HIGH  TIME    DIR
---------------------------------------------------------------------------------------
01    63.5   73.8  15:35   54.2  05:40    1.0    0.0   0.00   0.7    15.0  17:50   SW
02    61.0   69.3  16:10   56.7  03:35    2.0    0.0   0.00   1.4    15.0  15:10   SW
03    65.7   79.4  15:40   53.2  04:45    0.0    1.3   0.00   0.8    12.0  15:05   NW
04    70.1   80.9  14:55   58.1  05:30    0.0    4.5   0.00   1.1    13.0  12:25   N
05    77.1   91.1  16:00   62.5  05:00    0.0   11.8   0.00   0.6    12.0  19:05   N
06    72.5   84.4  15:15   62.1  23:50    0.0    8.2   0.00   0.8    10.0  11:05   N
07    67.6   83.1  15:10   54.6  06:05    0.0    3.8   0.00   0.6     9.0  11:20   NNE
08    60.0   65.8  10:30   53.6  23:55    5.3    0.0   0.00   0.9    16.0  10:40   SW
09    57.3   64.4  16:30   52.1  04:05    6.8    0.0   0.01   0.7    11.0  12:55   SSW
10    55.5   65.7  13:35   49.2  05:50    7.6    0.0   0.01   1.3    20.0  14:20   SSW
11    56.0   64.6  14:20   50.1  05:10    7.7    0.0   0.02   0.5    16.0  13:00   NE
12    59.0   68.4  14:45   52.4  05:05    4.6    0.0   0.00   0.7    11.0  11:20   N
13    56.3   66.1  15:40   51.0  01:55    6.5    0.0   0.01   1.5    19.0  12:50   SW
14    52.6   60.0  13:40   47.5  23:55   11.2    0.0   0.00   1.7    21.0  14:25   SSW
15    54.0   66.4  16:25   44.3  05:25    9.6    0.0   0.00   0.6    12.0  17:10   SW
16    57.0   68.5  14:40   49.1  01:35    6.2    0.0   0.06   0.7    16.0  16:55   NW
17    56.5   67.7  12:25   47.5  05:40    7.4    0.0   0.12   0.9    13.0  13:05   NW
18    54.0   61.7  16:45   49.8  23:55    9.2    0.0   0.61   0.3    16.0  15:25   SW
19    58.0   69.1  14:25   46.4  05:25    7.2    0.0   0.01   1.0    14.0  17:10   NW
20    61.8   73.6  18:35   53.0  04:20    1.7    0.0   0.09   0.5    12.0  22:40   NW
21    59.1   70.0  16:10   53.3  05:20    3.3    0.0   0.13   0.7    12.0  15:35   SW
22    61.0   73.4  15:40   51.3  05:20    2.7    0.0   0.01   0.5     9.0  12:00   NW
23    57.0   67.3  12:40   51.8  23:50    5.4    0.0   0.61   0.8    16.0  14:00   SSW
24    57.4   66.8  16:40   50.9  04:40    6.1    0.0   0.01   0.5    11.0  11:05   SSW
25    60.9   70.9  16:15   54.7  04:55    2.2    0.0   0.00   0.6    12.0  15:15   N
26    64.7   77.4  16:10   50.7  04:30    0.9    0.0   0.00   0.8    12.0  13:45   NNW
27    69.5   83.5  16:20   57.6  05:35    0.0    5.5   0.00   0.6     9.0  10:15   NW
28    63.9   77.9  18:55   53.6  04:45    0.0    0.8   0.00   0.7    10.0  12:00   SW
29    61.4   72.9  18:50   54.7  06:10    1.2    0.0   0.00   0.8    10.0  11:50   SW
30    61.3   71.4  18:55   54.8  04:45    1.9    0.0   0.00   0.4    11.0  16:25   N
---------------------------------------------------------------------------------------
      61.1   91.1     5    44.3    15   117.8   36.0   1.70   0.8    21.0    14    W

Max >=  90.0:  1
Max <=  32.0:  0
Min <=  32.0:  0
Min <=   0.0:  0
Max Rain    :  0.61 in ON 06/18/2016
Days of Rain: 7 (> 0.01 in) 4 (> 0.10 in) 0 (> 1.00 in)