NOAA-Style Climate Reports


Report for 2014
                   ANNUAL CLIMATOLOGICAL SUMMARY for 2014


NAME: CW6259                CITY: Maple Leaf, Seattle   STATE:  Washington         
ELEV: 461 ft    LAT: 47.7 N    LONG: 122.3 W


                 TEMPERATURE (F), RAIN (in), WIND SPEED (mph)

                            DEP.    HEAT    COOL
          MEAN  MEAN        FROM    DEG     DEG                          MAX  MAX  MIN   MIN
 YR  MO   MAX   MIN   MEAN  NORM    DAYS    DAYS     HI DATE   LOW DATE  >=90 <=32 <=32  <=0
---------------------------------------------------------------------------------------------
2014 01   46.5  37.8  41.5   0.5   708.8     0.0   54.9  24   30.3   5      0    0    3    0
2014 02   44.6  34.4  39.0  -3.1   714.0     0.0   56.4  26   16.8   6      0    2    8    0
2014 03   54.3  40.3  46.2   0.9   548.1     0.0   69.3  24   31.9  22      0    0    1    0
2014 04   60.4  43.2  50.7   1.4   400.5     3.8   84.4  30   39.4  10      0    0    0    0
2014 05   67.6  49.8  57.8   2.0   210.9    15.7   87.0   1   43.3   7      0    0    0    0
2014 06   69.8  51.6  59.6  -0.2   131.9     3.2   77.4  23   46.9  16      0    0    0    0
2014 07   78.4  56.7  66.6   1.5    32.7   111.8   91.8   1   53.1  26      1    0    0    0
2014 08   78.5  58.0  66.9   1.7    15.2   116.7   95.0  11   52.3  22      1    0    0    0
2014 09   73.1  55.4  62.5   2.1    64.8    41.6   88.9   6   50.9   4      0    0    0    0
2014 10   63.3  51.3  56.1   4.3   240.7     2.0   78.2   6   44.4  27      0    0    0    0
2014 11   50.8  39.2  44.2  -1.0   600.2     0.0   59.6   6   20.5  30      0    0    9    0
2014 12   48.8  39.2  43.2   3.5   651.5     0.0   63.3  10   24.5   1      0    0    5    0
---------------------------------------------------------------------------------------------
          61.3  46.4  52.9   1.1  4319.2   294.8   95.0 AUG   16.8 FEB      2    2   26    0


                            PRECIPITATION (in)

                  DEP.    MAX         ---DAYS OF RAIN---
                  FROM    OBS.                OVER
 YR  MO  TOTAL    NORM    DAY  DATE   0.01   0.10   1.00
---------------------------------------------------------
2014 01   4.01   -0.70   1.17   11      13      8      1
2014 02   5.03    1.57   1.32   16      14     11      1
2014 03   8.40    4.00   1.28    5      19     16      3
2014 04   3.41    0.49   0.73   17      14     10      0
2014 05   2.29    0.38   0.86    3       8      6      0
2014 06   1.20   -0.24   0.29   15      12      5      0
2014 07   1.25    0.61   0.86   23       4      3      0
2014 08   1.65    0.75   0.68   13       7      4      0
2014 09   2.38    0.47   0.74   24      11      6      0
2014 10   6.96    3.12   1.62   22      19     15      1
2014 11   4.58   -1.17   1.45   28      14     11      1
2014 12   5.99    0.61   1.19   23      19     13      1
---------------------------------------------------------
         47.15    9.90   1.62  OCT     154    108      8


                              WIND SPEED (mph)

                              DOM
 YR  MO    AVG     HI   DATE  DIR
----------------------------------
2014 01    0.7   33.0    11     N
2014 02    1.2   32.0    15     N
2014 03    1.0   28.0     3     S
2014 04    1.0   24.0     3   SSW
2014 05    0.9   23.0    18    SW
2014 06    1.0   22.0    27   WSW
2014 07    0.9   18.0    19   NNW
2014 08    0.7   17.0    13   WNW
2014 09    0.6   22.0     2   NNW
2014 10    0.5   26.0    25     N
2014 11    0.5   28.0     6     N
2014 12    0.4   27.0    10     N
----------------------------------
           0.8   33.0   JAN   NNW