NOAA-Style Climate Reports


Report for 2012 October
                   MONTHLY CLIMATOLOGICAL SUMMARY for OCT 2012


NAME: CW6259                CITY: Maple Leaf, Seattle   STATE:  Washington         
ELEV: 461 ft    LAT: 47.7 N    LONG: 122.3 W


                   TEMPERATURE (F), RAIN (in), WIND SPEED (mph)

                                         HEAT   COOL         AVG
      MEAN                               DEG    DEG          WIND                  DOM
DAY   TEMP   HIGH  TIME    LOW   TIME    DAYS   DAYS   RAIN  SPEED   HIGH  TIME    DIR
---------------------------------------------------------------------------------------
01    60.1   75.3  16:05   48.8  06:25    2.9    0.0   0.00   0.6    10.0  20:55   NNE
02    54.5   64.7  15:25   48.3  06:05    8.5    0.0   0.00   0.6    11.0  16:55   NNE
03    52.7   65.2  14:35   41.9  06:55   11.5    0.0   0.00   0.5    11.0  09:40   N
04    53.5   64.4  15:40   44.7  07:30   10.4    0.0   0.00   0.5    12.0  15:20   N
05    56.3   70.0  14:25   46.5  07:00    6.8    0.0   0.00   0.4     8.0  15:45   N
06    60.1   73.6  14:30   50.8  06:50    2.8    0.0   0.00   0.3     8.0  14:20   N
07    60.6   75.5  16:20   48.9  07:15    2.8    0.0   0.00   0.2     7.0  14:05   N
08    58.5   73.3  17:10   47.6  07:35    4.5    0.0   0.00   0.5     8.0  21:40   WNW
09    52.4   61.1  16:40   49.3  07:05    9.8    0.0   0.00   0.2     7.0  16:40   SW
10    49.3   54.1  15:25   44.0  05:05   16.0    0.0   0.01   0.1     6.0  14:20   NNW
11    49.5   57.4  15:05   45.2  23:20   13.7    0.0   0.00   0.2     9.0  15:40   NNW
12    51.8   55.5  14:45   44.8  00:25   14.9    0.0   0.07   1.3    16.0  13:40   SSW
13    56.4   59.3  16:55   53.0  00:00    8.9    0.0   0.16   1.6    19.0  23:40   SSW
14    59.0   63.2  13:10   57.3  04:20    4.8    0.0   0.35   0.9    12.0  13:30   SSW
15    56.8   60.2  20:30   51.9  08:35    8.9    0.0   0.24   1.0    19.0  22:25   SSW
16    53.9   62.8  15:05   47.4  22:05    9.9    0.0   0.00   0.9    17.0  00:05   NE
17    49.7   58.5  15:05   43.3  07:00   14.1    0.0   0.00   0.1     6.0  10:35   NNW
18    53.0   64.4  13:15   45.3  08:10   10.1    0.0   0.66   0.4    17.0  20:15   NNE
19    52.3   56.7  05:40   45.0  23:50   14.1    0.0   0.18   1.6    18.0  11:40   SSW
20    45.1   50.1  13:45   41.7  06:10   19.1    0.0   0.01   1.0    18.0  15:05   SSW
21    44.0   52.4  13:40   39.1  23:55   19.2    0.0   0.16   0.5    14.0  16:05   SSW
22    41.2   44.4  12:55   37.5  06:45   24.0    0.0   0.24   0.1    10.0  12:40   NNE
23    44.8   50.2  14:35   42.3  05:55   18.8    0.0   0.01   0.6    10.0  04:35   SSW
24    45.3   51.7  16:05   42.6  06:20   17.9    0.0   0.08   0.1     8.0  15:05   NNE
25    45.8   50.7  13:20   42.1  03:20   18.6    0.0   0.00   0.1     7.0  13:05   N
26    46.4   50.8  23:45   43.2  05:10   18.0    0.0   0.08   0.3    12.0  22:35   NNE
27    50.5   56.7  23:45   48.2  10:40   12.5    0.0   0.33   1.6    20.0  03:45   SE
28    54.4   58.5  13:45   50.6  23:40   10.5    0.0   0.23   0.8    18.0  00:40   SW
29    56.0   61.3  15:05   50.3  01:25    9.2    0.0   0.25   2.5    20.0  10:35   SSW
30    55.5   58.3  14:15   53.4  08:00    9.1    0.0   1.08   0.0     6.0  12:10   NE
31    55.4   57.7  13:25   52.2  22:00   10.0    0.0   0.80   0.2    12.0  15:25   NE
---------------------------------------------------------------------------------------
      52.4   75.5     7    37.5    22   362.4    0.0   4.94   0.6    20.0    27    N

Max >=  90.0:  0
Max <=  32.0:  0
Min <=  32.0:  0
Min <=   0.0:  0
Max Rain    :  1.08 in ON 10/30/2012
Days of Rain: 15 (> 0.01 in) 12 (> 0.10 in) 1 (> 1.00 in)