NOAA-Style Climate Reports


Report for 2012 August
                   MONTHLY CLIMATOLOGICAL SUMMARY for AUG 2012


NAME: CW6259                CITY: Maple Leaf, Seattle   STATE:  Washington         
ELEV: 461 ft    LAT: 47.7 N    LONG: 122.3 W


                   TEMPERATURE (F), RAIN (in), WIND SPEED (mph)

                                         HEAT   COOL         AVG
      MEAN                               DEG    DEG          WIND                  DOM
DAY   TEMP   HIGH  TIME    LOW   TIME    DAYS   DAYS   RAIN  SPEED   HIGH  TIME    DIR
---------------------------------------------------------------------------------------
01    62.0   74.0  16:15   50.8  05:40    2.6    0.0   0.00   0.6    10.0  15:05   NNW
02    61.7   73.7  15:50   53.0  03:40    1.7    0.0   0.00   0.5    10.0  12:55   WNW
03    66.3   79.2  16:35   53.3  05:50    0.0    1.2   0.00   0.6    11.0  15:45   N
04    75.4   90.0  16:55   60.9  05:50    0.0   10.5   0.00   0.6    12.0  12:45   N
05    77.9   93.3  15:50   65.5  06:30    0.0   14.4   0.00   0.6    11.0  11:40   NNW
06    68.5   81.9  16:30   61.5  06:20    0.0    6.7   0.00   0.6    12.0  12:10   SW
07    62.9   68.9  16:25   58.6  04:05    1.2    0.0   0.00   0.7    10.0  16:35   SW
08    63.2   71.0  15:40   58.4  05:00    0.3    0.0   0.00   0.6    11.0  12:25   SW
09    64.0   74.5  16:35   54.8  05:15    0.3    0.0   0.00   0.6    11.0  14:05   N
10    65.1   75.8  16:55   54.5  06:25    0.0    0.2   0.00   0.6    15.0  14:25   NW
11    68.1   82.4  16:25   56.2  05:50    0.0    4.3   0.00   0.6    11.0  14:35   N
12    71.0   85.0  16:30   58.7  06:20    0.0    6.8   0.00   0.5    11.0  14:35   N
13    69.8   85.4  16:30   59.0  06:00    0.0    7.2   0.00   0.7     9.0  19:50   N
14    68.0   81.1  13:35   57.5  06:10    0.0    4.3   0.00   0.8    10.0  18:05   NNE
15    71.1   84.8  14:45   57.8  06:05    0.0    6.3   0.00   0.8    13.0  13:50   N
16    77.6   94.2  16:05   64.8  04:25    0.0   14.5   0.00   0.5     8.0  12:05   NNE
17    75.4   89.7  15:25   62.4  06:45    0.0   11.0   0.00   0.4     7.0  10:45   NW
18    63.9   70.7  14:45   59.0  05:30    0.2    0.0   0.00   0.7    12.0  12:20   SW
19    63.8   73.3  16:15   59.0  23:35    0.0    1.2   0.00   0.7    10.0  02:25   SW
20    65.4   78.3  16:40   56.9  02:25    0.0    2.6   0.00   0.4    10.0  13:20   NNW
21    62.1   69.8  14:10   54.8  05:10    2.7    0.0   0.00   0.6    13.0  13:55   NNE
22    61.4   71.2  16:45   57.1  23:55    0.9    0.0   0.00   0.4    10.0  16:55   NNE
23    58.8   67.4  14:05   53.5  23:55    4.5    0.0   0.00   0.3     9.0  16:00   NNE
24    58.8   70.8  16:30   49.5  05:55    4.8    0.0   0.00   0.7    11.0  14:10   NW
25    63.7   80.6  16:00   50.5  06:45    0.0    0.5   0.00   0.4     9.0  12:35   NNW
26    62.2   71.7  14:50   53.8  05:55    2.3    0.0   0.00   1.0    13.0  15:55   SW
27    64.0   75.8  16:40   54.3  05:35    0.0    0.1   0.00   0.9    13.0  13:35   SW
28    62.2   74.4  14:55   55.4  02:35    0.1    0.0   0.00   0.7    15.0  17:10   NW
29    62.1   72.5  15:40   55.8  01:50    0.9    0.0   0.00   0.7    11.0  13:20   SW
30    61.1   73.0  15:15   53.3  23:55    1.9    0.0   0.00   0.4     9.0  13:50   NNW
31    59.4   72.2  15:45   48.2  06:50    4.8    0.0   0.00   0.5    11.0  14:00   NW
---------------------------------------------------------------------------------------
      65.7   94.2    16    48.2    31    29.1   91.8   0.00   0.6    15.0    10    N

Max >=  90.0:  3
Max <=  32.0:  0
Min <=  32.0:  0
Min <=   0.0:  0
Max Rain    :  0.00 in ON --/--/----
Days of Rain: 0 (> 0.01 in) 0 (> 0.10 in) 0 (> 1.00 in)