NOAA-Style Climate Reports


Report for 2007 December
                   MONTHLY CLIMATOLOGICAL SUMMARY for DEC 2007


NAME: CW6259                CITY: Maple Leaf, Seattle   STATE:  Washington         
ELEV: 461 ft    LAT: 47.7 N    LONG: 122.3 W


                   TEMPERATURE (F), RAIN (in), WIND SPEED (mph)

                                         HEAT   COOL         AVG
      MEAN                               DEG    DEG          WIND                  DOM
DAY   TEMP   HIGH  TIME    LOW   TIME    DAYS   DAYS   RAIN  SPEED   HIGH  TIME    DIR
---------------------------------------------------------------------------------------
01    34.0   38.3  12:15   32.0  14:50   29.9    0.0   0.00   0.6    12.0  13:20   NNE
02    39.4   46.4  19:15   33.0  08:55   25.3    0.0   1.74   1.2    19.0  16:55   ESE
03    53.1   56.7  18:15   44.9  00:55   14.2    0.0   3.68   1.8    18.0  11:45   ESE
04    52.2   55.6  00:45   47.3  22:30   13.6    0.0   0.15   3.2    24.0  00:35   SW
05    44.2   47.6  00:00   39.3  23:40   21.6    0.0   0.00   0.7    13.0  00:25   WNW
06    39.8   42.4  14:10   36.5  06:25   25.5    0.0   0.00   1.0    11.0  13:40   N
07    39.2   41.5  00:30   35.5  23:55   26.5    0.0   0.00   1.6    15.0  09:50   NNW
08    34.5   40.4  12:45   29.4  23:45   30.1    0.0   0.00   1.1    12.0  07:20   N
09    33.4   36.0  15:50   29.1  03:15   32.5    0.0   0.02   0.0     4.0  11:50   NNE
10    33.8   37.4  13:20   31.9  17:40   30.3    0.0   0.01   0.4     7.0  10:20   NNE
11    36.5   40.4  17:45   31.4  04:45   29.1    0.0   0.00   0.4    12.0  18:00   NE
12    38.7   42.0  12:30   34.9  05:50   26.5    0.0   0.01   0.2     6.0  00:00   NW
13    40.1   42.0  23:50   38.0  00:00   25.0    0.0   0.07   0.5    12.0  20:40   SE
14    43.2   45.9  12:35   41.0  23:45   21.5    0.0   0.04   0.2    10.0  02:40   ESE
15    42.4   44.0  15:00   40.2  00:55   22.9    0.0   0.13   2.3    20.0  06:25   SSW
16    42.8   48.2  15:50   39.5  07:10   21.1    0.0   0.26   0.7    12.0  15:35   E
17    39.6   42.9  13:10   36.9  20:00   25.1    0.0   0.21   0.8    15.0  13:40   SW
18    41.2   45.8  19:10   36.2  03:50   24.0    0.0   0.38   1.0    19.0  19:15   NE
19    42.8   45.6  15:35   40.7  02:15   21.9    0.0   0.24   1.9    23.0  09:35   SSW
20    38.6   42.6  00:25   32.6  23:55   27.4    0.0   0.12   0.4    13.0  10:40   NE
21    36.7   41.0  15:10   32.0  01:15   28.5    0.0   0.01   0.1     7.0  13:35   NE
22    40.1   43.2  17:25   37.1  01:45   24.9    0.0   0.27   1.0    17.0  19:00   W
23    42.3   46.3  14:35   39.6  01:05   22.1    0.0   0.29   1.8    22.0  17:30   SSW
24    39.0   43.7  13:25   35.6  22:55   25.4    0.0   0.00   0.6    13.0  00:15   WNW
25    36.0   38.1  11:25   33.0  15:15   29.5    0.0   0.17   0.7    14.0  23:50   SSW
26    37.1   40.6  13:40   34.6  21:25   27.4    0.0   0.04   0.4    14.0  00:00   S
27    35.9   37.2  23:20   34.0  09:30   29.4    0.0   0.29   0.9    10.0  10:30   ESE
28    39.7   42.8  12:35   37.1  00:00   25.1    0.0   0.04   2.3    19.0  20:15   SW
29    37.9   42.2  14:00   35.2  03:05   26.3    0.0   0.09   1.6    22.0  21:00   SSW
30    37.5   41.7  14:30   35.9  01:10   26.2    0.0   0.00   2.3    21.0  00:10   SW
31    37.3   43.7  13:55   33.3  07:40   26.5    0.0   0.00   0.4     7.0  10:40   NNE
---------------------------------------------------------------------------------------
      39.7   56.7     3    29.1     9   785.0    0.0   8.26   1.0    24.0     4    ENE

Max >=  90.0:  0
Max <=  32.0:  0
Min <=  32.0:  6
Min <=   0.0:  0
Max Rain    :  3.68 in ON 12/03/2007
Days of Rain: 19 (> 0.01 in) 13 (> 0.10 in) 2 (> 1.00 in)