NOAA-Style Climate Reports


Report for 2020 September
                   MONTHLY CLIMATOLOGICAL SUMMARY for SEP 2020


NAME: CW6259                CITY: Maple Leaf, Seattle   STATE:  Washington         
ELEV: 461 ft    LAT: 47.7 N    LONG: 122.3 W


                   TEMPERATURE (F), RAIN (in), WIND SPEED (mph)

                                         HEAT   COOL         AVG
      MEAN                               DEG    DEG          WIND                  DOM
DAY   TEMP   HIGH  TIME    LOW   TIME    DAYS   DAYS   RAIN  SPEED   HIGH  TIME    DIR
---------------------------------------------------------------------------------------
01    67.3   80.6  15:37   58.2  04:45    0.0    4.4   0.00   0.4    12.0  16:50   NW
02    66.3   77.9  13:09   57.2  06:00    0.0    2.6   0.00   0.4    10.0  13:25   N
03    66.5   81.5  15:58   54.4  06:07    0.0    3.0   0.00   0.2    11.0  12:15   N
04    68.5   84.1  17:07   57.3  06:22    0.0    5.7   0.00   0.4    12.0  20:40   WSW
05    62.9   73.8  17:07   56.9  03:59    0.0    0.4   0.00   0.2     8.0  15:10   SW
06    65.0   80.0  16:21   53.9  06:27    0.0    2.0   0.00   0.2    11.0  16:20   NW
07    68.3   82.0  16:33   58.2  06:49    0.0    5.1   0.00   0.8    15.0  11:30   WNW
08    67.4   80.0  14:18   55.9  07:03    0.0    3.0   0.00   0.3    12.0  16:35   NE
09    72.5   87.8  14:23   60.2  06:25    0.0    9.0   0.00   0.2     9.0  15:27   NNE
10    75.6   92.6  14:46   64.1  07:21    0.0   13.3   0.00   0.1     9.0  13:35   NNW
11    64.8   77.2  15:52   55.1  06:41    0.0    1.1   0.00   0.2     8.0  14:50   SSW
12    55.5   60.6  16:04   52.0  22:12    8.7    0.0   0.00   0.0     8.0  00:10   SW
13    57.5   64.7  13:22   51.1  02:05    7.1    0.0   0.00   0.0     4.0  13:20   SW
14    61.4   69.4  15:17   56.2  03:29    2.2    0.0   0.00   0.0     4.0  15:30   SW
15    65.9   78.1  15:23   58.6  00:00    0.0    3.3   0.12   0.1    10.0  17:25   NW
16    63.3   70.2  14:30   57.7  06:40    1.1    0.0   0.00   0.1     6.0  16:10   NNE
17    65.2   72.6  14:14   60.1  23:31    0.0    1.3   0.00   0.1    10.0  15:50   NW
18    61.7   67.5  10:36   58.5  05:45    2.0    0.0   0.20   0.2    10.0  11:05   ENE
19    60.2   66.6  16:10   58.2  06:26    2.6    0.0   0.65   0.1     5.0  02:25   S
20    61.0   70.5  15:50   56.3  23:55    1.6    0.0   0.12   0.0     7.0  16:25   E
21    60.2   68.9  17:49   53.7  04:05    3.7    0.0   0.01   0.1     9.0  13:05   SW
22    62.3   73.0  14:28   56.3  08:22    0.3    0.0   0.00   0.2    12.0  15:35   SSW
---------------------------------------------------------------------------------------
      64.5   92.6    10    51.1    13    29.3   54.1   1.10   0.2    15.0     7    WSW

Max >=  90.0:  1
Max <=  32.0:  0
Min <=  32.0:  0
Min <=   0.0:  0
Max Rain    :  0.65 in ON 09/19/2020
Days of Rain: 4 (> 0.01 in) 4 (> 0.10 in) 0 (> 1.00 in)