NOAA-Style Climate Reports


Report for 2021 February
                   MONTHLY CLIMATOLOGICAL SUMMARY for FEB 2021


NAME: CW6259                CITY: Maple Leaf, Seattle   STATE:  Washington         
ELEV: 461 ft    LAT: 47.7 N    LONG: 122.3 W


                   TEMPERATURE (F), RAIN (in), WIND SPEED (mph)

                                         HEAT   COOL         AVG
      MEAN                               DEG    DEG          WIND                  DOM
DAY   TEMP   HIGH  TIME    LOW   TIME    DAYS   DAYS   RAIN  SPEED   HIGH  TIME    DIR
---------------------------------------------------------------------------------------
01    45.8   48.3  12:54   42.5  00:34   19.6    0.0   0.87   0.3    13.0  21:35   E
02    41.0   44.0  00:00   38.4  23:22   23.8    0.0   0.30   0.7    18.0  15:15   SSW
03    42.0   48.4  14:43   38.2  03:01   21.7    0.0   0.05   0.3     9.0  09:30   W
04    43.4   46.6  20:55   41.4  01:35   21.0    0.0   0.15   0.5    14.0  23:50   SSW
05    45.5   47.4  10:34   43.2  23:48   19.7    0.0   0.10   0.7    19.0  03:10   SSW
06    44.0   47.6  14:04   41.8  22:34   20.3    0.0   0.02   1.3    19.0  05:35   SSW
07    40.7   48.6  13:31   37.6  03:04   21.9    0.0   0.03   0.3    12.0  14:10   SSW
08    37.1   42.9  14:51   33.6  05:42   26.8    0.0   0.20   0.1     7.0  15:50   SSW
09    35.6   43.5  13:17   30.6  07:46   28.0    0.0   0.00   0.1     8.0  11:10   N
10    34.9   42.4  12:51   28.4  03:43   29.6    0.0   0.00   0.1     6.0  10:25   NE
11    31.4   34.7  12:16   27.6  23:31   33.8    0.0   0.00   0.1    10.0  13:10   NNW
12    28.6   32.1  12:22   25.4  22:55   36.2    0.0   0.05   0.2    15.0  19:50   ENE
13    28.1   31.1  15:10   25.7  00:00   36.6    0.0   0.00   0.5    18.0  04:48   ENE
14    31.5   33.6  23:00   28.1  00:05   34.2    0.0   0.03   0.1     6.0  23:20   ENE
15    36.9   42.3  15:38   32.7  05:57   27.5    0.0   1.00   0.3    12.0  13:35   ENE
16    40.7   47.9  13:48   36.7  00:20   22.7    0.0   0.11   0.1     7.0  13:00   SE
17    39.0   44.8  14:50   35.8  23:34   24.7    0.0   0.15   0.1     6.0  14:45   E
18    39.5   44.9  13:21   34.7  03:19   25.2    0.0   0.04   0.5    16.0  22:55   E
19    42.8   48.9  12:55   40.5  22:17   20.3    0.0   0.02   1.2    17.0  15:00   SSW
20    42.5   49.4  13:52   37.7  06:36   21.4    0.0   0.02   0.9    15.0  15:20   SSW
21    46.8   51.9  13:35   41.3  02:10   18.4    0.0   0.14   2.9    29.0  19:05   SSW
22    46.7   50.2  15:15   38.1  23:59   20.9    0.0   0.10   2.1    22.0  12:35   SW
23    40.0   48.0  15:44   35.5  04:10   23.2    0.0   0.00   0.6    12.0  09:55   SSW
24    39.4   46.3  14:38   34.0  00:49   24.9    0.0   0.03   0.2     9.0  13:25   SSE
25    40.9   47.2  13:16   37.3  05:29   22.8    0.0   0.23   0.9    15.0  01:45   SW
26    42.0   50.0  12:46   37.5  05:46   21.2    0.0   0.14   0.6    16.0  06:10   WSW
27    41.8   48.7  15:44   36.1  06:51   22.6    0.0   0.00   0.4    10.0  00:50   SW
28    45.1   53.1  15:55   39.9  03:04   18.5    0.0   0.03   0.5    12.0  13:35   S
---------------------------------------------------------------------------------------
      39.8   53.1    28    25.4    12   687.4    0.0   3.81   0.6    29.0    21    SSW

Max >=  90.0:  0
Max <=  32.0:  1
Min <=  32.0:  6
Min <=   0.0:  0
Max Rain    :  1.00 in ON 02/15/2021
Days of Rain: 22 (> 0.01 in) 12 (> 0.10 in) 0 (> 1.00 in)