NOAA-Style Climate Reports


Report for 2018 December
                   MONTHLY CLIMATOLOGICAL SUMMARY for DEC 2018


NAME: CW6259                CITY: Maple Leaf, Seattle   STATE:  Washington         
ELEV: 461 ft    LAT: 47.7 N    LONG: 122.3 W


                   TEMPERATURE (F), RAIN (in), WIND SPEED (mph)

                                         HEAT   COOL         AVG
      MEAN                               DEG    DEG          WIND                  DOM
DAY   TEMP   HIGH  TIME    LOW   TIME    DAYS   DAYS   RAIN  SPEED   HIGH  TIME    DIR
---------------------------------------------------------------------------------------
01    41.4   43.6  13:41   38.0  06:54   24.2    0.0   0.03   0.0     3.0  09:45   E
02    40.8   42.8  15:01   36.6  22:59   25.3    0.0   0.18   0.0     3.0  00:15   SSE
03    37.1   44.1  13:32   33.9  23:36   26.0    0.0   0.00   0.2     7.0  13:30   NNE
04    35.9   44.8  12:50   31.9  02:54   26.7    0.0   0.01   0.3    12.0  14:32   NNW
05    35.2   45.3  13:19   30.2  07:47   27.2    0.0   0.00   0.1     8.0  11:25   N
06    34.9   45.8  13:30   29.8  07:48   27.2    0.0   0.00   0.1     5.0  12:05   ENE
07    36.7   45.1  13:49   29.8  06:04   27.6    0.0   0.00   0.1     7.0  13:40   SE
08    40.4   44.2  14:37   36.7  00:11   24.5    0.0   0.00   0.0     4.0  10:55   E
09    41.8   44.2  07:24   39.7  00:13   23.0    0.0   0.59   0.3     8.0  14:33   E
10    44.3   49.9  12:59   41.3  00:00   19.4    0.0   0.01   0.7    17.0  13:30   S
11    44.5   48.0  14:45   41.9  05:59   20.0    0.0   0.41   0.9    21.0  17:35   ESE
12    42.7   46.8  13:07   37.9  06:14   22.6    0.0   0.07   0.9    13.0  11:35   S
13    45.1   48.2  12:12   42.8  02:20   19.5    0.0   0.24   0.5    11.0  01:15   ESE
14    47.0   54.2  17:15   41.6  04:02   17.1    0.0   0.01   1.6    26.0  18:50   SSW
15    44.8   49.1  12:15   41.1  02:19   19.9    0.0   0.07   0.9    17.0  00:25   E
16    46.9   50.7  12:26   42.5  01:52   18.4    0.0   0.73   0.7    13.0  20:55   E
---------------------------------------------------------------------------------------
      41.2   54.2    14    29.8     6   368.7    0.0   2.35   0.4    26.0    14    ESE

Max >=  90.0:  0
Max <=  32.0:  0
Min <=  32.0:  4
Min <=   0.0:  0
Max Rain    :  0.73 in ON 12/16/2018
Days of Rain: 8 (> 0.01 in) 5 (> 0.10 in) 0 (> 1.00 in)