NOAA-Style Climate Reports


Report for 2019 April
                   MONTHLY CLIMATOLOGICAL SUMMARY for APR 2019


NAME: CW6259                CITY: Maple Leaf, Seattle   STATE:  Washington         
ELEV: 461 ft    LAT: 47.7 N    LONG: 122.3 W


                   TEMPERATURE (F), RAIN (in), WIND SPEED (mph)

                                         HEAT   COOL         AVG
      MEAN                               DEG    DEG          WIND                  DOM
DAY   TEMP   HIGH  TIME    LOW   TIME    DAYS   DAYS   RAIN  SPEED   HIGH  TIME    DIR
---------------------------------------------------------------------------------------
01    54.9   66.4  16:35   44.4  06:56    9.6    0.0   0.00   1.1    14.0  15:35   NNW
02    56.6   68.6  13:44   47.9  06:53    6.8    0.0   0.00   1.2    11.0  12:48   WNW
03    51.8   57.3  11:52   46.8  23:38   13.0    0.0   0.03   1.9    26.0  12:50   SSW
04    52.4   66.3  15:54   41.4  06:46   11.1    0.0   0.05   0.6    15.0  18:35   SW
05    49.7   56.0  11:32   45.6  23:58   14.2    0.0   0.41   1.4    22.0  15:30   ESE
06    47.7   54.5  16:23   43.1  03:35   16.2    0.0   1.06   2.2    28.0  11:17   SSE
07    46.5   52.8  16:46   42.7  05:06   17.2    0.0   0.03   0.6     9.0  11:05   ESE
08    49.3   58.4  14:44   43.5  04:11   14.0    0.0   0.05   0.3     9.0  13:15   NE
09    49.4   58.2  15:39   43.6  05:52   14.1    0.0   0.10   0.8    11.0  12:00   NNE
10    47.2   51.7  15:45   44.8  03:27   16.8    0.0   0.03   0.7    19.0  14:25   E
11    47.9   56.2  15:46   43.4  06:54   15.2    0.0   0.21   1.0    15.0  12:35   SSE
12    49.7   59.5  15:19   45.4  07:06   12.5    0.0   0.09   0.5     8.0  03:35   NW
13    45.8   51.0  17:59   43.0  23:56   18.0    0.0   0.11   2.0    30.0  16:55   S
14    44.5   51.5  14:03   41.3  05:02   18.6    0.0   0.01   1.3    16.0  14:50   SSW
15    47.4   54.5  11:59   41.2  05:58   17.1    0.0   0.00   1.6    16.0  16:25   W
16    48.5   55.2  15:17   41.9  03:42   16.4    0.0   0.09   0.8    13.0  14:05   SSW
17    53.1   63.1  17:02   46.9  05:00   10.0    0.0   0.01   1.6    18.0  02:25   S
18    55.4   64.6  15:48   50.1  07:44    7.7    0.0   0.08   0.5    10.0  16:05   SE
19    52.0   54.8  02:09   48.0  23:26   13.6    0.0   0.05   1.2    15.0  02:05   S
---------------------------------------------------------------------------------------
      50.0   68.6     2    41.2    15   262.2    0.0   2.41   1.1    30.0    13    SSE

Max >=  90.0:  0
Max <=  32.0:  0
Min <=  32.0:  0
Min <=   0.0:  0
Max Rain    :  1.06 in ON 04/06/2019
Days of Rain: 14 (> 0.01 in) 5 (> 0.10 in) 1 (> 1.00 in)