NOAA-Style Climate Reports


Report for 2020 July
                   MONTHLY CLIMATOLOGICAL SUMMARY for JUL 2020


NAME: CW6259                CITY: Maple Leaf, Seattle   STATE:  Washington         
ELEV: 461 ft    LAT: 47.7 N    LONG: 122.3 W


                   TEMPERATURE (F), RAIN (in), WIND SPEED (mph)

                                         HEAT   COOL         AVG
      MEAN                               DEG    DEG          WIND                  DOM
DAY   TEMP   HIGH  TIME    LOW   TIME    DAYS   DAYS   RAIN  SPEED   HIGH  TIME    DIR
---------------------------------------------------------------------------------------
01    56.8   64.9  14:49   52.0  04:08    6.5    0.0   0.03   1.1    15.0  23:05   SSW
02    58.2   68.5  16:14   53.8  04:21    3.8    0.0   0.01   1.0    16.0  15:05   SSW
03    58.7   65.5  16:38   53.5  23:43    5.5    0.0   0.00   0.6    15.0  13:10   SSW
04    59.7   72.1  16:34   52.0  03:28    3.0    0.0   0.00   0.5    10.0  16:00   W
05    61.9   76.0  16:39   50.7  04:59    1.6    0.0   0.00   0.4    11.0  14:50   NW
06    61.2   73.8  16:20   52.4  01:59    1.9    0.0   0.00   0.6    12.0  14:10   SSW
07    58.6   63.9  15:28   55.2  07:10    5.4    0.0   0.00   0.6    11.0  08:05   SSW
08    61.8   74.4  15:55   54.2  04:18    0.7    0.0   0.00   0.5    10.0  13:45   NE
09    60.6   69.9  14:12   54.5  23:58    2.8    0.0   0.01   0.4    10.0  12:30   NNE
10    61.4   74.0  16:42   53.3  00:58    1.4    0.0   0.00   0.5    13.0  13:55   N
---------------------------------------------------------------------------------------
      59.9   76.0     5    50.7     5    32.7    0.0   0.05   0.6    16.0     2    SW

Max >=  90.0:  0
Max <=  32.0:  0
Min <=  32.0:  0
Min <=   0.0:  0
Max Rain    :  0.03 in ON 07/01/2020
Days of Rain: 1 (> 0.01 in) 0 (> 0.10 in) 0 (> 1.00 in)