NOAA-Style Climate Reports


Report for 2021 May
                   MONTHLY CLIMATOLOGICAL SUMMARY for MAY 2021


NAME: CW6259                CITY: Maple Leaf, Seattle   STATE:  Washington         
ELEV: 461 ft    LAT: 47.7 N    LONG: 122.3 W


                   TEMPERATURE (F), RAIN (in), WIND SPEED (mph)

                                         HEAT   COOL         AVG
      MEAN                               DEG    DEG          WIND                  DOM
DAY   TEMP   HIGH  TIME    LOW   TIME    DAYS   DAYS   RAIN  SPEED   HIGH  TIME    DIR
---------------------------------------------------------------------------------------
01    51.6   59.2  16:02   47.7  23:52   11.5    0.0   0.01   0.3     9.0  11:15   NE
02    52.4   66.0  16:59   43.4  05:56   10.3    0.0   0.00   0.2     8.0  09:40   NE
03    51.1   59.2  12:50   44.3  02:07   13.2    0.0   0.33   0.2     8.0  13:40   ENE
04    53.4   64.6  16:38   45.7  23:48    9.9    0.0   0.11   0.4     9.0  16:50   WNW
05    57.0   70.5  18:41   42.8  05:07    8.4    0.0   0.00   0.2     8.0  12:40   NNE
06    56.2   65.6  13:40   47.6  23:55    8.4    0.0   0.00   1.3    21.0  14:20   SSW
07    48.3   57.9  15:18   43.6  09:28   14.2    0.0   0.39   0.3    10.0  05:00   SSW
08    49.3   60.2  13:37   41.7  05:30   14.0    0.0   0.01   0.5    13.0  15:03   SSW
09    53.9   65.8  16:06   47.9  23:57    8.1    0.0   0.00   0.4    11.0  14:40   WSW
10    53.7   68.2  14:55   43.2  05:32    9.3    0.0   0.00   0.4    10.0  11:35   W
11    56.4   71.2  16:05   43.2  04:58    7.8    0.0   0.00   0.3    10.0  12:25   N
---------------------------------------------------------------------------------------
      53.0   71.2    11    41.7     8   115.2    0.0   0.85   0.4    21.0     6    WSW

Max >=  90.0:  0
Max <=  32.0:  0
Min <=  32.0:  0
Min <=   0.0:  0
Max Rain    :  0.39 in ON 05/07/2021
Days of Rain: 3 (> 0.01 in) 3 (> 0.10 in) 0 (> 1.00 in)