NOAA-Style Climate Reports


Report for 2019 October
                   MONTHLY CLIMATOLOGICAL SUMMARY for OCT 2019


NAME: CW6259                CITY: Maple Leaf, Seattle   STATE:  Washington         
ELEV: 461 ft    LAT: 47.7 N    LONG: 122.3 W


                   TEMPERATURE (F), RAIN (in), WIND SPEED (mph)

                                         HEAT   COOL         AVG
      MEAN                               DEG    DEG          WIND                  DOM
DAY   TEMP   HIGH  TIME    LOW   TIME    DAYS   DAYS   RAIN  SPEED   HIGH  TIME    DIR
---------------------------------------------------------------------------------------
01    49.6   63.1  16:29   39.2  06:49   13.9    0.0   0.00   0.2     8.0  12:55   WNW
02    51.8   63.3  13:22   40.9  07:18   12.9    0.0   0.00   0.2     5.0  12:40   WSW
03    54.2   63.7  13:18   49.6  05:11    8.4    0.0   0.03   0.8    17.0  09:10   S
04    53.3   62.1  13:41   47.6  06:50   10.2    0.0   0.01   0.8    17.0  13:08   S
05    54.3   65.2  16:11   48.3  23:51    8.3    0.0   0.00   0.2     8.0  14:50   SSW
06    51.3   63.1  15:01   43.2  06:32   11.9    0.0   0.00   0.3     9.0  14:00   W
07    54.5   61.4  14:26   47.4  00:33   10.6    0.0   0.01   1.4    18.0  11:40   SSW
08    45.5   49.9  16:50   40.3  23:51   19.9    0.0   0.25   0.2     8.0  00:50   ENE
09    42.1   51.6  16:23   34.7  06:12   21.9    0.0   0.00   0.5    12.0  14:15   N
10    44.0   58.2  16:20   33.5  06:43   19.1    0.0   0.00   0.3     8.0  13:20   NNE
11    50.3   66.6  15:17   39.6  04:43   11.9    0.0   0.00   0.3     8.0  11:00   NNE
12    50.2   61.3  14:20   44.2  07:22   12.2    0.0   0.00   0.1     6.0  11:40   WNW
13    51.4   60.5  15:23   47.2  06:08   11.1    0.0   0.00   0.2     8.0  12:47   W
14    51.2   60.6  14:24   45.7  07:45   11.9    0.0   0.00   0.2     7.0  12:50   WSW
15    52.4   59.2  12:19   45.8  03:03   12.5    0.0   0.00   0.2     9.0  15:05   SW
16    52.4   57.2  16:18   49.1  08:07   11.9    0.0   0.31   0.6    14.0  13:30   S
17    51.7   58.1  13:21   49.3  21:03   11.3    0.0   0.08   1.7    22.0  13:10   S
18    48.8   51.0  16:12   47.2  03:37   15.9    0.0   0.07   1.2    19.0  01:50   S
19    46.2   49.6  15:21   43.8  08:16   18.3    0.0   0.66   0.1     7.0  23:15   E
20    47.2   49.6  18:29   44.4  00:17   18.0    0.0   0.19   0.3    11.0  14:25   ESE
21    52.5   57.0  23:27   49.1  00:00   12.0    0.0   0.36   1.0    20.0  22:05   S
---------------------------------------------------------------------------------------
      50.2   66.6    11    33.5    10   283.8    0.0   1.97   0.5    22.0    17    SW

Max >=  90.0:  0
Max <=  32.0:  0
Min <=  32.0:  0
Min <=   0.0:  0
Max Rain    :  0.66 in ON 10/19/2019
Days of Rain: 8 (> 0.01 in) 5 (> 0.10 in) 0 (> 1.00 in)