NOAA-Style Climate Reports


Report for 2019 August
                   MONTHLY CLIMATOLOGICAL SUMMARY for AUG 2019


NAME: CW6259                CITY: Maple Leaf, Seattle   STATE:  Washington         
ELEV: 461 ft    LAT: 47.7 N    LONG: 122.3 W


                   TEMPERATURE (F), RAIN (in), WIND SPEED (mph)

                                         HEAT   COOL         AVG
      MEAN                               DEG    DEG          WIND                  DOM
DAY   TEMP   HIGH  TIME    LOW   TIME    DAYS   DAYS   RAIN  SPEED   HIGH  TIME    DIR
---------------------------------------------------------------------------------------
01    70.5   83.7  15:18   58.8  05:48    0.0    6.2   0.00   1.2    15.0  22:34   SSW
02    68.1   78.3  16:28   62.1  04:38    0.0    5.2   0.40   0.8    14.0  09:25   SW
03    66.0   78.1  14:47   54.3  06:06    0.0    1.2   0.00   0.9    13.0  09:10   N
04    70.1   83.8  15:59   57.0  03:18    0.0    5.4   0.00   0.4    10.0  14:40   N
05    72.3   86.3  16:00   61.2  06:13    0.0    8.8   0.00   0.4    10.0  13:55   N
06    66.7   82.4  15:37   55.6  07:27    0.0    4.0   0.00   0.5    10.0  13:15   WSW
07    64.9   79.2  16:28   57.1  05:37    0.0    3.1   0.00   0.9    12.0  12:30   SW
08    62.6   67.7  13:39   58.7  01:19    1.8    0.0   0.00   0.7    10.0  11:25   SSW
09    63.9   70.5  15:16   59.5  07:28    0.0    0.0   0.00   0.3     8.0  18:40   WSW
10    63.9   75.3  15:56   57.7  08:14    0.0    1.5   0.56   0.4    10.0  16:30   N
11    63.2   71.7  15:27   58.2  07:37    0.1    0.0   0.02   0.3     9.0  21:50   S
12    66.9   79.5  16:13   59.4  05:39    0.0    4.5   0.00   0.7     9.0  12:00   WSW
13    69.1   84.2  16:17   57.8  06:31    0.0    6.0   0.00   0.4    10.0  13:50   NW
14    70.0   83.6  16:17   60.6  05:58    0.0    7.1   0.00   0.5    11.0  12:40   NW
15    66.5   81.6  16:59   57.6  06:31    0.0    4.6   0.00   0.8    13.0  11:45   SSW
16    63.1   68.4  15:39   58.2  05:47    1.7    0.0   0.00   0.6    10.0  12:45   SSW
17    64.6   72.0  17:02   59.1  06:30    0.0    0.5   0.00   0.6    10.0  16:15   SSW
18    64.2   76.3  16:57   58.1  04:22    0.0    2.2   0.00   0.4    10.0  14:30   SW
19    64.3   76.0  15:42   58.8  23:55    0.0    2.4   0.00   0.4    13.0  17:05   NE
20    67.0   82.9  15:24   53.8  05:57    0.0    3.3   0.00   0.7    18.0  21:00   WSW
21    61.7   67.1  15:12   56.5  23:36    3.2    0.0   0.26   0.4    11.0  00:45   S
22    61.4   73.5  16:34   55.7  06:15    0.4    0.0   0.00   0.3     9.0  12:40   SW
23    61.2   70.5  14:42   54.2  05:30    2.7    0.0   0.00   0.4    10.0  10:15   WNW
24    63.0   75.1  15:00   54.5  06:56    0.2    0.0   0.00   0.6    12.0  13:15   NE
---------------------------------------------------------------------------------------
      65.6   86.3     5    53.8    20    10.0   66.1   1.24   0.6    18.0    20    SW

Max >=  90.0:  0
Max <=  32.0:  0
Min <=  32.0:  0
Min <=   0.0:  0
Max Rain    :  0.56 in ON 08/10/2019
Days of Rain: 4 (> 0.01 in) 3 (> 0.10 in) 0 (> 1.00 in)