NOAA-Style Climate Reports


Report for 2020 November
                   MONTHLY CLIMATOLOGICAL SUMMARY for NOV 2020


NAME: CW6259                CITY: Maple Leaf, Seattle   STATE:  Washington         
ELEV: 461 ft    LAT: 47.7 N    LONG: 122.3 W


                   TEMPERATURE (F), RAIN (in), WIND SPEED (mph)

                                         HEAT   COOL         AVG
      MEAN                               DEG    DEG          WIND                  DOM
DAY   TEMP   HIGH  TIME    LOW   TIME    DAYS   DAYS   RAIN  SPEED   HIGH  TIME    DIR
---------------------------------------------------------------------------------------
01    48.0   60.4  14:18   39.9  06:38   14.8    0.0   0.00   0.1     7.0  03:40   N
02    52.1   66.4  13:34   41.4  06:17   11.1    0.0   0.01   0.1     8.0  13:35   SSE
03    51.3   56.7  23:50   47.9  04:42   12.7    0.0   0.66   0.5    16.0  16:15   SSE
04    58.9   63.8  11:47   56.7  00:00    4.8    0.0   0.31   1.8    24.0  20:05   SSW
05    50.4   58.2  00:00   43.0  22:06   14.4    0.0   0.12   1.0    22.0  00:20   SW
06    44.6   49.5  15:36   38.3  23:55   21.1    0.0   0.00   0.9    18.0  07:10   NW
07    40.5   42.8  17:33   37.9  02:58   24.6    0.0   0.00   0.3    15.0  22:36   NW
08    41.4   47.3  12:35   35.5  23:40   23.6    0.0   0.00   0.9    18.0  03:30   WNW
09    37.8   43.6  13:50   32.4  02:25   27.0    0.0   0.11   0.1    12.0  19:15   SSE
10    41.4   46.2  12:30   36.0  23:52   23.9    0.0   0.00   0.3    16.0  00:35   SW
11    40.1   45.0  13:40   35.5  00:31   24.8    0.0   0.00   0.0     3.0  13:06   E
12    42.6   48.2  14:36   38.6  02:03   21.6    0.0   0.30   0.3    16.0  16:40   ESE
13    44.8   51.9  12:59   39.6  23:06   19.2    0.0   0.49   2.0    26.0  13:10   SSW
14    41.9   46.3  12:38   38.6  07:32   22.6    0.0   0.42   0.4    11.0  10:35   S
15    47.7   53.1  13:41   43.0  00:06   17.0    0.0   0.01   1.4    19.0  15:50   SSW
16    45.2   46.4  00:00   44.2  06:57   19.7    0.0   0.77   0.1     7.0  01:40   ENE
17    49.5   59.1  11:09   44.6  23:59   13.2    0.0   1.06   1.8    24.0  11:05   SSW
18    44.5   46.3  13:19   42.9  21:40   20.4    0.0   0.38   0.7    20.0  14:00   S
19    44.7   49.6  13:11   43.0  19:28   18.7    0.0   0.01   0.9    16.0  03:30   SSW
20    46.2   48.7  14:26   44.0  06:26   18.6    0.0   0.03   0.4    10.0  13:30   S
21    46.1   52.4  12:57   41.9  22:51   17.8    0.0   0.00   0.1     8.0  00:40   W
22    42.0   46.6  12:21   39.0  07:43   22.2    0.0   0.06   0.1     7.0  13:20   SSE
23    43.1   45.7  13:48   41.1  07:37   21.6    0.0   0.19   0.1    11.0  05:00   E
24    44.6   49.3  13:48   41.7  23:50   19.5    0.0   0.39   0.9    21.0  15:45   S
25    43.7   47.0  13:52   41.0  01:25   21.0    0.0   0.03   0.2    11.0  06:10   SSW
26    45.0   47.3  14:24   43.5  07:35   19.6    0.0   0.05   0.3    11.0  14:20   S
27    46.6   53.1  13:33   43.9  08:14   16.5    0.0   0.01   0.6    12.0  21:35   SE
28    43.4   45.8  14:27   38.4  23:41   22.9    0.0   0.23   0.1    10.0  00:00   N
29    40.1   48.4  13:17   34.4  07:43   23.6    0.0   0.01   0.1     8.0  23:55   NNE
---------------------------------------------------------------------------------------
      45.1   66.4     2    32.4     9   558.5    0.0   5.65   0.6    26.0    13    S

Max >=  90.0:  0
Max <=  32.0:  0
Min <=  32.0:  0
Min <=   0.0:  0
Max Rain    :  1.06 in ON 11/17/2020
Days of Rain: 17 (> 0.01 in) 13 (> 0.10 in) 1 (> 1.00 in)