NOAA-Style Climate Reports


Report for 2020 January
                   MONTHLY CLIMATOLOGICAL SUMMARY for JAN 2020


NAME: CW6259                CITY: Maple Leaf, Seattle   STATE:  Washington         
ELEV: 461 ft    LAT: 47.7 N    LONG: 122.3 W


                   TEMPERATURE (F), RAIN (in), WIND SPEED (mph)

                                         HEAT   COOL         AVG
      MEAN                               DEG    DEG          WIND                  DOM
DAY   TEMP   HIGH  TIME    LOW   TIME    DAYS   DAYS   RAIN  SPEED   HIGH  TIME    DIR
---------------------------------------------------------------------------------------
01    47.9   53.1  13:37   41.2  23:58   17.9    0.0   0.44   1.2    23.0  00:15   SSW
02    40.4   47.3  23:50   38.1  07:15   22.3    0.0   0.31   0.4    15.0  23:05   E
03    49.0   56.0  17:54   44.1  23:59   15.0    0.0   0.20   1.6    27.0  21:20   S
04    42.9   46.9  12:55   39.3  07:29   21.9    0.0   0.03   1.8    25.0  09:00   SSW
05    42.2   45.9  15:01   39.7  06:55   22.2    0.0   0.14   1.3    20.0  11:20   S
06    45.9   49.5  18:52   39.8  02:19   20.4    0.0   0.23   2.0    22.0  13:10   S
07    48.7   52.3  14:20   44.8  23:58   16.5    0.0   0.33   1.7    19.0  16:40   S
08    39.6   44.8  00:00   33.6  22:37   25.8    0.0   0.01   0.8    15.0  09:35   SW
09    35.6   39.5  13:43   33.4  01:42   28.5    0.0   0.07   0.1     5.0  14:35   ENE
10    39.2   43.4  14:37   34.5  00:00   26.0    0.0   0.37   1.1    21.0  13:35   ESE
11    41.5   43.2  05:19   38.0  23:14   24.4    0.0   0.72   0.8    14.0  01:15   SSW
12    37.4   42.0  12:32   31.5  22:41   28.2    0.0   0.18   1.2    18.0  09:30   S
13    30.7   33.1  10:59   27.4  23:39   34.8    0.0   0.01   0.1     5.0  15:45   SE
14    28.4   34.2  22:59   26.1  04:29   34.8    0.0   0.00   1.0    26.0  23:05   NW
15    35.0   40.0  22:33   32.2  14:38   28.9    0.0   0.04   1.5    24.0  00:00   ESE
16    38.0   44.7  14:01   33.6  19:57   25.9    0.0   0.33   0.6    18.0  17:30   SSW
17    36.2   40.0  14:09   32.2  03:37   28.9    0.0   0.03   0.1     7.0  01:25   ESE
18    42.1   48.7  15:41   37.6  01:23   21.9    0.0   0.53   0.3    11.0  02:50   E
19    46.6   51.4  15:18   42.7  00:05   17.9    0.0   0.02   0.1     5.0  12:50   ESE
20    46.9   50.0  13:21   44.2  22:33   17.9    0.0   0.07   0.1    10.0  11:45   S
21    44.8   48.8  01:08   42.5  22:11   19.4    0.0   0.78   1.7    22.0  18:10   S
22    43.8   45.4  23:57   42.3  12:04   21.1    0.0   0.23   0.5    14.0  00:40   E
23    49.5   51.9  15:47   45.4  00:00   16.3    0.0   0.75   0.4    12.0  19:15   ESE
24    48.0   50.6  14:57   45.9  21:20   16.8    0.0   0.27   1.1    30.0  12:00   S
25    45.7   49.4  15:21   43.7  02:08   18.4    0.0   0.13   0.1     8.0  14:45   ENE
---------------------------------------------------------------------------------------
      41.8   56.0     3    26.1    14   572.0    0.0   6.22   0.9    30.0    24    SSE

Max >=  90.0:  0
Max <=  32.0:  0
Min <=  32.0:  3
Min <=   0.0:  0
Max Rain    :  0.78 in ON 01/21/2020
Days of Rain: 22 (> 0.01 in) 16 (> 0.10 in) 0 (> 1.00 in)