NOAA-Style Climate Reports


Report for 2019 June
                   MONTHLY CLIMATOLOGICAL SUMMARY for JUN 2019


NAME: CW6259                CITY: Maple Leaf, Seattle   STATE:  Washington         
ELEV: 461 ft    LAT: 47.7 N    LONG: 122.3 W


                   TEMPERATURE (F), RAIN (in), WIND SPEED (mph)

                                         HEAT   COOL         AVG
      MEAN                               DEG    DEG          WIND                  DOM
DAY   TEMP   HIGH  TIME    LOW   TIME    DAYS   DAYS   RAIN  SPEED   HIGH  TIME    DIR
---------------------------------------------------------------------------------------
01    60.8   75.0  16:38   51.3  05:55    1.9    0.0   0.00   0.5     8.0  14:25   W
02    62.0   75.9  15:21   51.2  05:28    1.4    0.0   0.00   0.8    12.0  15:30   SW
03    58.3   69.4  15:47   52.3  05:13    4.2    0.0   0.00   0.6     8.0  14:15   SSW
04    57.9   70.5  16:10   46.3  05:09    6.6    0.0   0.00   0.6    11.0  11:35   NNE
05    57.2   65.0  18:35   52.2  05:08    6.4    0.0   0.00   2.1    23.0  15:45   S
06    53.9   63.3  12:52   46.9  05:33    9.9    0.0   0.05   1.4    18.0  14:37   S
07    52.5   59.1  12:19   48.2  05:55   11.4    0.0   0.01   2.0    18.0  15:30   S
08    56.4   70.1  15:39   49.7  05:26    5.1    0.0   0.00   1.2    14.0  10:20   S
09    58.4   72.6  15:09   46.8  05:32    5.3    0.0   0.00   1.2    12.0  12:20   NNW
10    62.2   74.1  14:30   50.0  04:46    3.0    0.0   0.00   1.8    16.0  15:49   NW
11    69.0   82.4  15:56   54.1  05:23    0.0    3.2   0.00   0.8    11.0  14:45   NNW
12    76.9   92.6  16:25   63.6  05:47    0.0   13.1   0.00   0.5     9.0  16:45   NW
13    66.7   77.0  15:36   57.3  23:49    0.0    2.2   0.00   0.9    12.0  08:15   SW
14    59.8   67.6  18:28   54.2  05:45    4.1    0.0   0.00   1.0    12.0  16:30   SSW
15    60.0   74.1  15:55   50.5  04:34    2.7    0.0   0.00   0.7    10.0  14:20   WSW
16    61.9   75.8  19:13   50.2  06:03    2.0    0.0   0.00   1.1    12.0  15:45   NW
17    63.3   77.3  18:51   54.0  05:24    0.0    0.7   0.00   0.6    10.0  14:05   SSW
18    58.4   63.0  00:00   54.4  07:37    6.3    0.0   0.03   0.2     6.0  00:40   NE
19    56.6   66.7  13:20   50.3  23:58    6.5    0.0   0.63   1.3    14.0  10:55   E
20    56.6   67.9  17:26   48.5  04:27    6.8    0.0   0.48   1.2    14.0  19:35   SSE
21    60.0   70.5  18:46   52.7  02:58    3.4    0.0   0.00   1.7    12.0  07:45   SSW
22    57.3   64.4  16:48   53.4  02:20    6.1    0.0   0.00   1.3    13.0  02:10   SSW
23    54.8   59.8  16:10   51.4  23:58    9.4    0.0   0.04   0.4    10.0  18:55   NE
24    56.9   68.9  16:17   50.7  05:08    5.2    0.0   0.06   0.4    11.0  17:15   ENE
---------------------------------------------------------------------------------------
      59.9   92.6    12    46.3     4   107.5   19.1   1.30   1.0    23.0     5    SSW

Max >=  90.0:  1
Max <=  32.0:  0
Min <=  32.0:  0
Min <=   0.0:  0
Max Rain    :  0.63 in ON 06/19/2019
Days of Rain: 6 (> 0.01 in) 2 (> 0.10 in) 0 (> 1.00 in)