NOAA-Style Climate Reports


Report for 2021 June
                   MONTHLY CLIMATOLOGICAL SUMMARY for Jun 2021


NAME: Maple Leaf, Seattle, Washington                  
ELEV: 461 feet    LAT: 47-41.65 N    LONG: 122-18.83 W


                   TEMPERATURE (F), RAIN (in), WIND SPEED (mph)

                                         HEAT   COOL         AVG
      MEAN                               DEG    DEG          WIND                   DOM
DAY   TEMP   HIGH   TIME    LOW   TIME   DAYS   DAYS   RAIN  SPEED   HIGH   TIME    DIR
---------------------------------------------------------------------------------------
 01   71.2   86.9  16:05   56.2  05:37    0.0    6.2   0.00    0.1   11.0  15:31    288
 02   71.2   88.1  15:16   59.2  05:14    0.0    6.2   0.00    0.1    9.0  12:43    285
 03   64.8   79.2  14:44   55.2  05:16    0.2    0.0   0.00    0.5   10.0  11:51    236
 04   59.8   71.3  16:21   52.5  02:18    5.2    0.0   0.00    0.7   13.0  23:41    225
 05   55.5   66.4  12:40   49.6  23:33    9.5    0.0   0.05    1.1   19.0  12:50    218
 06   50.4   55.1  16:01   46.3  23:59   14.6    0.0   0.28    0.4   13.0  10:16    220
 07   52.7   65.2  15:23   43.9  01:06   12.3    0.0   0.39    0.3   14.0  00:07    234
 08   56.4   70.1  14:47   46.4  02:56    8.6    0.0   0.00    0.4   12.0  16:01    248
 09   56.4   68.9  16:16   46.4  05:43    8.6    0.0   0.00    0.6   12.0  11:01    242
 10   57.4   68.8  15:44   48.4  02:06    7.6    0.0   0.00    0.6   17.0  12:59    218
 11   55.3   60.7  10:13   51.6  05:33    9.7    0.0   0.34    0.1    9.0  08:44    219
 12   62.4   75.3  15:40   50.5  05:45    2.6    0.0   0.04    0.3   12.0  15:40    244
 13   60.1   66.1  12:44   56.5  07:45    4.9    0.0   0.70    0.4   15.0  05:27    227
 14   60.1   66.9  19:04   56.5  05:50    4.9    0.0   0.14    0.2    8.0  13:05    213
 15   60.0   69.3  12:02   53.2  03:33    5.0    0.0   0.00    1.5   20.0  15:31    229
 16
 17
 18
 19
 20
 21
 22
 23
 24
 25
 26
 27
 28
 29
 30
---------------------------------------------------------------------------------------
      59.6   88.1     02   43.9     07   93.7   12.4   1.94    0.5   20.0     15    230