NOAA-Style Climate Reports


Report for 2021 September
                   MONTHLY CLIMATOLOGICAL SUMMARY for Sep 2021


NAME: Maple Leaf, Seattle, Washington                  
ELEV: 461 feet    LAT: 47-41.65 N    LONG: 122-18.83 W


                   TEMPERATURE (F), RAIN (in), WIND SPEED (mph)

                                         HEAT   COOL         AVG
      MEAN                               DEG    DEG          WIND                   DOM
DAY   TEMP   HIGH   TIME    LOW   TIME   DAYS   DAYS   RAIN  SPEED   HIGH   TIME    DIR
---------------------------------------------------------------------------------------
 01   58.0   72.1  16:26   45.9  06:47    7.0    0.0   0.00    0.2    9.0  12:57    302
 02   63.1   80.0  16:53   50.4  06:10    1.9    0.0   0.00    0.2    9.0  13:12    314
 03   64.2   77.9  12:23   52.3  06:21    0.8    0.0   0.00    0.1    8.0  15:27    268
 04   65.0   79.3  15:02   53.0  06:31    0.0    0.0   0.00    0.4   13.0  18:20    216
 05   66.6   79.2  14:26   59.2  22:50    0.0    1.6   0.00    0.2   11.0  11:57    231
 06   63.4   77.0  15:30   56.7  23:58    1.6    0.0   0.00    0.1    8.0  16:31    266
 07   65.5   80.5  15:28   52.8  06:41    0.0    0.5   0.00    0.1   10.0  15:28    296
 08   68.8   83.6  16:06   61.7  23:57    0.0    3.8   0.02    0.4   12.0  09:59    229
 09   67.9   83.3  15:37   57.6  06:35    0.0    2.9   0.00    0.2   10.0  17:10    221
 10   61.2   65.6  14:14   57.9  05:00    3.8    0.0   0.00    0.2    9.0  00:35    231
 11   61.9   72.1  14:30   55.1  05:39    3.1    0.0   0.00    0.2    9.0  12:19    222
 12   59.5   69.0  16:11   53.8  08:55    5.5    0.0   0.02    0.0    5.0  08:31     25
 13   58.2   70.5  15:21   50.1  06:05    6.8    0.0   0.00    0.1   11.0  15:52    270
 14   59.0   68.2  15:44   49.7  06:15    6.0    0.0   0.00    0.0    7.0  13:39    192
 15   57.6   67.2  16:18   50.5  23:57    7.4    0.0   0.00    0.1   11.0  06:29    258
 16   47.7   52.5  09:19   45.5  06:55   17.3    0.0   0.00    0.0    3.0  08:44    N/A
 17
 18
 19
 20
 21
 22
 23
 24
 25
 26
 27
 28
 29
 30
---------------------------------------------------------------------------------------
      62.3   83.6     08   45.5     16   61.1    8.7   0.04    0.2   13.0     04    240