NOAA-Style Climate Reports


Report for 2022 May
                   MONTHLY CLIMATOLOGICAL SUMMARY for May 2022


NAME: Maple Leaf, Seattle, Washington                  
ELEV: 461 feet    LAT: 47-41.65 N    LONG: 122-18.83 W


                   TEMPERATURE (F), RAIN (in), WIND SPEED (mph)

                                         HEAT   COOL         AVG
      MEAN                               DEG    DEG          WIND                   DOM
DAY   TEMP   HIGH   TIME    LOW   TIME   DAYS   DAYS   RAIN  SPEED   HIGH   TIME    DIR
---------------------------------------------------------------------------------------
 01   53.2   64.4  14:36   44.4  04:41   11.8    0.0   0.00    0.3   12.0  14:58    221
 02   49.9   54.0  15:00   46.7  07:08   15.1    0.0   0.44    0.3   12.0  05:27    229
 03   49.0   55.6  15:51   46.1  23:43   16.0    0.0   0.03    0.3   12.0  12:55    227
 04   53.2   69.8  15:54   43.6  02:58   11.8    0.0   0.00    0.2   10.0  16:27    237
 05   47.5   51.1  00:00   43.8  09:34   17.5    0.0   0.43    0.4   18.0  22:10    219
 06   47.3   55.5  16:23   41.9  03:12   17.7    0.0   0.26    0.1    7.0  01:41    242
 07   46.4   55.8  12:53   41.8  21:43   18.6    0.0   0.19    0.5   15.0  12:29    125
 08   46.4   57.3  16:18   41.0  06:37   18.6    0.0   0.00    0.6   12.0  13:56    247
 09   48.0   60.8  14:31   40.3  06:35   17.0    0.0   0.00    0.5   17.0  17:01    235
 10   49.1   62.3  17:07   42.3  00:33   15.9    0.0   0.05    0.3   12.0  18:04    224
 11   50.0   63.6  14:45   41.0  04:48   15.0    0.0   0.00    0.9   16.0  12:14    223
 12   46.8   52.4  10:25   42.1  23:56   18.2    0.0   0.41    0.5   20.0  18:07    223
 13   49.1   60.1  16:24   38.9  05:27   15.9    0.0   0.00    0.4   11.0  22:16    216
 14   54.3   67.2  15:38   45.6  04:30   10.7    0.0   0.04    0.9   19.0  19:19    227
 15   54.4   59.2  16:36   50.7  05:19   10.6    0.0   0.51    0.3   17.0  20:55    217
 16   54.6   63.4  15:15   46.2  23:58   10.4    0.0   0.02    0.7   19.0  12:55    224
 17   45.3   46.2  00:00   44.8  01:09   19.7    0.0   0.00    0.0    0.0  00:00    N/A
 18
 19
 20
 21
 22
 23
 24
 25
 26
 27
 28
 29
 30
 31
---------------------------------------------------------------------------------------
      49.9   69.8     04   38.9     13  260.5    0.0   2.38    0.4   20.0     12    226